 - 5*z + 15019*z**2. Let r be t(1). Suppose -50*p = -56*p + r. Is p a prime number?
True
Let g be (-9)/(-15) - (-103788)/45. Suppose 3569 = 4*o - g. Is o composite?
True
Let d be (-1 - 6/12)*(-212)/6. Let b = d + -53. Suppose g - 3*r - 82 = -b*g, -2*r - 449 = -5*g. Is g prime?
False
Let p be ((-26)/39)/((-2)/(-3)). Let c(v) = -10055*v**3 - 3*v**2 - 6*v - 3. Is c(p) a prime number?
False
Let h(w) = 180*w**2 - 19*w + 28. Let v(l) = -2*l - 1. Let k(x) = h(x) - 6*v(x). Is k(5) a composite number?
True
Let f(l) = -13*l + 7. Let r be f(3). Let s = r + 34. Suppose -t + 768 = a, 3*a + 4*t = s*t + 2303. Is a a composite number?
True
Let x(k) = k**2 + k + 5736. Let j be x(0). Let o be (-3931 - (-8 - -12))*-1. Let p = j - o. Is p a prime number?
True
Let t be (-16 - -17)/((-37)/18 + 2). Let z be 10/4*(-16)/(-10). Is z/t - (-24070)/18 prime?
False
Let f(s) = 2230*s + 2767. Is f(21) composite?
False
Suppose 48*d + 563156 = 2114948. Is d a composite number?
True
Is ((-81)/45 - -2)*(5 - -344310) a composite number?
False
Let m = -21 + 24. Suppose -m*k = -4*q - 4522, -3*q = 5*k - k - 6046. Is k + 8/4 - 1 a composite number?
False
Is (31 + 1313148/(-16))*2*-2 a composite number?
True
Let k = 49 - 50. Let p be (-34)/(-4)*k/(2/(-132)). Suppose 7*z = 2008 + p. Is z a composite number?
False
Is (1/(-4))/((162/(-21002136))/27) prime?
True
Let g(j) = -9*j**2 - 17. Let s(m) = -26*m**2 - 52. Let d be 18*-3*(-1)/(-9). Let f(t) = d*s(t) + 17*g(t). Is f(-21) a prime number?
False
Suppose p + 5*u - 42621 = 0, 6*u - 3*u + 170438 = 4*p. Is p prime?
True
Let m(s) = s**2 + 16*s + 4. Let c be m(-16). Suppose -3*r = -2*i - 3, c*r - 64 + 20 = -4*i. Suppose -i*l = -10*l + 8692. Is l a composite number?
True
Let z(w) = w**2 - 17*w + 37. Let l be z(13). Is -17*(1 + l + -3) a prime number?
False
Let a(f) = 2*f**3 + 9*f**2 - 10*f + 11. Let z be 30/40*(4 - 0). Suppose -4*s + 30 = 3*c, z*s - 5*s - 5*c + 22 = 0. Is a(s) a prime number?
False
Suppose 2*h = -5*p + 75, -148 + 41 = -3*h - 2*p. Let s = -2 + 1. Is s + 15/(-5) + h prime?
True
Let a be 9 + (-3)/6*10. Let u(t) = 7*t**3 - 2*t**2 + 8*t**2 + 3*t**2 - 2*t**2 + 9 - 12*t. Is u(a) prime?
True
Let m = 387 - 385. Suppose 3*o - k = 16238, -2*o + 2797 + 8031 = m*k. Is o a prime number?
True
Let s(g) = 180*g**2 + 17*g - 2. Let w(m) = 4*m**3 - 4*m + 5. Let i be w(1). Is s(i) a prime number?
True
Let r be (3/(9/337))/(13/663). Suppose -p + 4*p - 5*m = 17231, -p = 2*m - r. Is p composite?
False
Let p be (-3 + (-19)/(-5))*(-5)/(-2). Suppose p*l = -c + 11, -6 = 5*l - 21. Suppose -3*w + 2*w = -5*m - 47, -c*w + m = -331. Is w a composite number?
False
Suppose -5*z + 676645 = 3*w - 72552, -5*z + 3*w = -749173. Is z prime?
True
Let s = -56 - -60. Let d be s/(-3 - -5) - -47. Let r = -42 + d. Is r a prime number?
True
Is 3*(-38)/969 + (-667201)/(-17) prime?
False
Let j(t) = -2*t + 30. Let f be j(1). Let k(n) = 1635*n - 43. Is k(f) a composite number?
False
Let i(q) = 1314*q - 1897. Is i(6) a prime number?
True
Suppose -d = -2*v - 46041, -8*v = -4*d - 9*v + 184146. Suppose -27*f - d = -153740. Is f composite?
False
Let m be (-14 - -13)/((-2)/(-146)). Let q = m - -83. Let p(z) = z**3 - 5*z**2 - 12*z + 9. Is p(q) a prime number?
True
Suppose 12*c = 751 - 211. Is 220056/c - 1 - 4/30 a composite number?
False
Let o = -882 + 101. Let l = o - -1779. Is l prime?
False
Let y(k) = k**3 - 9*k**2 + 21*k - 14. Let a be y(6). Suppose -a*n - 40 = 40. Is (-4 - 2044/n)*(0 + 5) a prime number?
True
Let u(o) = -3*o**3 - 54*o**2 + 7*o - 93. Is u(-38) prime?
False
Suppose -2*k + 3*m = -7*k + 71, 0 = 2*k + 3*m - 32. Let w be (-289 - 2 - -4)/((-3)/18). Suppose w = 19*j - k*j. Is j composite?
True
Let o(q) be the first derivative of 10*q**3/3 + q**2/2 + 139*q - 159. Is o(24) composite?
False
Let o(f) = 3*f**3 - 76*f**2 - 85*f + 359. Is o(75) a composite number?
False
Let j(z) = -4*z**2 - 2*z + 3 + 11*z**2 - 6. Let h be j(-1). Suppose -h*q + 464 = -700. Is q a prime number?
False
Let k(h) be the third derivative of -7/24*h**4 + 13/6*h**3 - 1/120*h**6 + 13*h**2 + 0*h - 11/60*h**5 + 0. Is k(-14) prime?
False
Suppose 3*o + 15 = 3*d, 5*d - 2*d = -3*o - 3. Suppose -d*t = -j - 0*t + 991, 5*t = -j + 991. Is j a composite number?
False
Suppose -43730590 = -351*m + 102270814 + 154551823. Is m a prime number?
True
Suppose 20 = -4*c, -3*b - 3*c = -0*c - 81. Suppose -b = -2*l - 22. Suppose -a - l*a + 13422 = 0. Is a a composite number?
False
Let x(c) = -24985*c + 116. Is x(-3) composite?
True
Suppose -10*u + 120 = -2*u. Suppose -5*x = -3*n + 2*n - u, x + 2*n = 3. Suppose -3830 = -5*b + x*b. Is b a prime number?
False
Let x be (-4)/34 + (0 - (-140)/34). Is 9173 - (-204)/(-85)*10/x prime?
False
Suppose 26*a - 3467058 = -16*a. Is a a composite number?
False
Let n = 88571 - 48462. Is n composite?
True
Suppose 0 = -2*s - 3*a + 19527 - 1765, 0 = -5*s - 3*a + 44423. Is s composite?
False
Let r = 47731 + 70176. Is r a prime number?
False
Let l = -9 + 10. Suppose 0 = 4*g + 3*b + 8 - 31, 3*g = b + l. Is g/2*(2439 - 2) composite?
False
Is (138326/(-14))/((-567)/(-147) - 4) composite?
False
Let b be ((-188)/(-16) + -3)*-700. Let o be (-2)/(-3)*1 + b/(-15). Suppose -2*m = 3*q - 800, -2*q - o = -m + q. Is m prime?
False
Is (17414 - -307) + (3 - 1) a prime number?
False
Is 460706 + (72 - -18)/10 a composite number?
True
Suppose -42*w + 3225899 = -39522415. Is w prime?
True
Suppose -3*h - 3*z + 280311 = 0, 0 = -2*z - 6 + 18. Is h composite?
True
Let r be (-6)/(-10) + (-2)/(-5). Let d be 5/r*(-8)/(-10). Suppose d - 56 = -2*w. Is w a prime number?
False
Let o = 1549 - 7375. Let n = 10495 - 21062. Let x = o - n. Is x composite?
True
Let o = 36709 - 16548. Is o composite?
False
Suppose -3*i = -5*n + 458111, -4*n = -193*i + 189*i - 366492. Is n a prime number?
True
Let o(v) = 166*v**3 - 27*v**2 + 18*v + 97. Is o(12) a composite number?
True
Let i = 47 - 43. Let x(c) = -25*c**2 + 24*c**2 + 11 - i - 23*c. Is x(-12) a composite number?
False
Let d = -69 - -144. Let z be d/(-3)*(69/(-15) - -4). Suppose z*o - 5678 = 13*o. Is o prime?
False
Suppose 90*x - 733244 = 626566. Is x a composite number?
True
Suppose -5407 = -4*c + 5*x + 186, -3*x = -4*c + 5599. Suppose -5*j = c - 6597. Is j a composite number?
False
Is (-22)/132*30 + 26962 a prime number?
False
Suppose 4*j + 4*a - 60908 = 0, -j + 9533 + 5685 = 4*a. Suppose j = 2*l + 4*m, -6*m = -10*m + 16. Is l prime?
True
Suppose -11177137 + 1219997 = -99*p + 23*p. Is p a composite number?
True
Let v(k) = -2*k**3 + 10*k**2 - 3*k + 19. Let z be v(5). Let w(y) = -y**2 + 4*y. Let i be w(2). Suppose -s + 217 = z*n, -i*s - 5*n = -5*s + 199. Is s prime?
False
Suppose -i - 2216 = -2*i. Let j = 3589 - i. Suppose w - 6*w + 2*t + 6865 = 0, -w + 2*t = -j. Is w composite?
False
Is (-45)/9*(-412021)/155 composite?
False
Let b(r) = -50*r + 130. Let q be b(-13). Let h = q + 1129. Is h a composite number?
True
Suppose 42377 + 691478 = 5*d - 46530. Is d a composite number?
True
Let k be (96/42)/(-8) + (-2)/(-7). Suppose k = 7*f - 10*f + 2466. Suppose 5*h = 3*y - 1241, -2*y + 2*h = -0*h - f. Is y a prime number?
False
Let k = -6554 + 19941. Let i = 33288 - k. Is i prime?
False
Is (6880142/265)/(8/(-5) + (10 - 8)) a composite number?
True
Suppose -5*t + 6295 = -13*t + 9*t. Is t a prime number?
False
Let j = 116 + -107. Suppose j*l = 50249 + 87307. Suppose -4*c = -8*c + l. Is c composite?
False
Suppose 0 = -31*o - 286952 + 5411965. Is o a composite number?
True
Let m be (-582)/(-14) + 21/49. Let a(o) = 17 - m - 7*o + 1110*o**2 + 9 + 17. Is a(2) prime?
False
Let b = -86 + 87. Is b/(3*2/8166) composite?
False
Suppose 10*y + 3*j = 5*y + 63688, -2*j - 25488 = -2*y. Let v = 27697 - y. Is v a composite number?
False
Let f be 1484/(-3) + 17/(-51). Let j be 1 + (-7985)/9 + (-110)/f. Is (1 - (-40)/(-16))/(3/j) a composite number?
False
Let m(b) = -b**2 - 4*b + 24. Let u be m(-8). Let f be 6 + u - (-2 - -426). Let n = f + 2711. Is n prime?
False
Suppose 12*h = -70156 + 975268 - 31596. Is h composite?
True
Is ((1 - -5) + 276660/108)*(-3 + 96) composite?
True
Let r be (6/8 - (-68)/16) + -3. Suppose -g = -5*g + r*x + 3064, -4*x = 4*g - 3040. Is 11/(-33) + g/6 prime?
True
Is 670932/15 - 53/(-265) composite?
False
Suppose 20 = 6*k - 10. Suppose -2*z - 16*n + 20*n + 3810 = 0, 3*z + k*n = 5693. Is z c